hen d is divided by 45.
21
Let s(w) = 2*w - 4. Let c be s(2). Let b be (1 + 3)*(c + 8). Suppose -h + b = 3*h. Calculate the remainder when 28 is divided by h.
4
Let o be 2 + -3 + 8/4. Let w be (-1 + 0)*(o + -1). Calculate the remainder when 21 is divided by (-3 - w - -2)*-6.
3
Let i be (513/54)/(2/4*1). Let g = -6 + 10. Suppose -i = -g*w + 3*w. Calculate the remainder when w is divided by 11.
8
Let j(p) = -5*p - 12. Let c be 1/3 - 5797/(-33). Suppose -41 = 3*m - c. Calculate the remainder when m is divided by j(-7).
22
Suppose 4*q - 5*t = 12, t + 12 = 4*q + 6*t. Let u(r) = 2*r**3 + 2*r**3 - r**2 - r**3 + 1 + 6*r - 4*r**q. What is the remainder when u(-4) is divided by 14?
11
Let z(g) = 46*g**2 + g**3 - 3*g**3 - 24*g**2 - 7 - 3*g - 10*g**2. Calculate the remainder when z(5) is divided by 8.
4
Let v(p) = p**3 + 8*p**2 + 7*p + 2. Let j be v(-7). Let y(o) = 2*o**3 - 3*o + 3. Let u be y(j). Let l = u - 10. What is the remainder when 4 is divided by l?
1
Suppose 25 = 2*r - 7*r. Let s = 4 - r. Calculate the remainder when (1 - -12) + 4 - -9 is divided by s.
8
Suppose -3*j + 4*b = 1, 2*j + 3*j = 4*b + 9. What is the remainder when 64 is divided by j?
4
Let x = 97 - 79. What is the remainder when 32 is divided by x?
14
Suppose 0 = 2*c + 2*d + 5 + 9, d = 2. Let m(z) = -8*z. Let n(s) = 78*s - 3. Let h(x) = -9*m(x) - n(x). What is the remainder when h(c) is divided by 30?
27
Suppose 77 = 5*q + t, 3*q - 8*q + 4*t = -92. Suppose 3*p = 2*p + 9. Calculate the remainder when q is divided by p.
7
Let j = 61 - 36. Suppose j + 67 = 4*q. Suppose 4*r + 6 + 6 = 0, 3*z + 3*r = 264. What is the remainder when z is divided by q?
22
Let h = 60 - 32. Suppose -4*j + 2 = y - 25, 0 = -2*y - 3*j + 39. Calculate the remainder when h is divided by y.
13
Let l(s) = s**2 + 19*s - 242. Calculate the remainder when 14 is divided by l(-28).
4
Suppose -219 = -5*k - 3*a, -k + 4*k - 3*a - 117 = 0. What is the remainder when 1091 is divided by k?
41
Suppose 0 = 19*l + 990 - 2301. What is the remainder when 203 is divided by l?
65
Suppose -5*w = -8*n + 3*n - 130, -5*w - 5*n + 160 = 0. Calculate the remainder when 55 is divided by w.
26
Let r = -911 + 1046. What is the remainder when r is divided by 17?
16
Suppose 4*o - 13 = -1. Suppose 9 = -3*j, 0 = o*g - 2*j - 1 - 44. Suppose -2*y = -b + 6, -3*b = -8*b + 5*y + 35. What is the remainder when g is divided by b?
5
Let r = 41 - 46. Let w(s) = 2*s**2 + 7*s + 12. What is the remainder when w(r) is divided by 10?
7
Calculate the remainder when 243 is divided by 645/9*(180/25 - 6).
71
Let y = 39 - 40. Calculate the remainder when (-98)/(-35) + y/(-5) is divided by 3.
0
Suppose -215*r = -212*r - 156. Calculate the remainder when r is divided by 18.
16
Let g = -5 - -10. Let v(t) = t**2 + 8*t - 23. Let k be v(-13). Suppose -3*o + k = -15. Calculate the remainder when o is divided by g.
4
Suppose x - 12 = 3*i, -x + 8*i + 8 = 7*i. Let p be (-12 + (3 - 1))*-1. What is the remainder when 69 is divided by (-651)/(-35) - x/p?
15
Let a(i) be the third derivative of i**4/6 - i**3/6 - 5*i**2. Let u be a(-5). Let z = u + 37. Calculate the remainder when 29 is divided by z.
13
Suppose -21 = m - 27. Suppose p = 3*n - 10, 0 = -5*n - 3*p - 2. Calculate the remainder when m is divided by n.
0
Suppose -60*k + 55*k + 695 = 0. Calculate the remainder when 273 is divided by k.
134
Let q be ((-2)/(-6))/(5/180). Let o be 3/5 - q/(-5). Suppose o*g = 17 + 7. What is the remainder when 13 is divided by g?
5
Suppose 2*h = -18 + 52. Suppose u + 4*u + 20 = 0. What is the remainder when u/6 - 1168/(-24) is divided by h?
14
Let v(q) = -q**3 + 20*q**2 + 50*q - 92. What is the remainder when 236 is divided by v(22)?
36
Suppose 3*o + 300 = 2*h, -4*h + 0*o + o = -600. Let u = 158 - h. Let i = 66 - 43. Calculate the remainder when i is divided by u.
7
Suppose 5*f - 2*z = 192, 5*f + 3*z - 161 = 51. Suppose f*r = 39*r + 19. Calculate the remainder when 35 is divided by r.
16
Let b = 1657 - 1650. Suppose 8 = 4*p - 16. Calculate the remainder when b is divided by p.
1
Calculate the remainder when (-66)/(-1) + 19 + -14 is divided by 29.
13
Suppose 48 = -13*x + 17*x. Suppose 9*p - x*p = -33. What is the remainder when 120 is divided by p?
10
Let g be (-2 - (-4)/1) + 1. Suppose -g*b + 0*b + 18 = 0. Calculate the remainder when 180/8 + 6/(-4) is divided by b.
3
Let w(r) = -6*r + 100. What is the remainder when w(12) is divided by 12?
4
Suppose -2*d + 26 = -0*d. Let c be (-7)/21 - (-13)/3. Let k = d + c. Calculate the remainder when 67 is divided by k.
16
Let c(q) = -q + 13. Let l be c(8). Suppose 0 = 4*r - 5*b - 61, 5*b + 26 = -l*r + 91. What is the remainder when r is divided by 4?
2
Suppose 5*w = 13*m - 14*m + 504, -2*m + 963 = w. Calculate the remainder when m is divided by 20.
19
Suppose g + 50 = 62. Let m(q) = -12*q - 3. Calculate the remainder when m(-2) is divided by g.
9
Suppose 0 = 5*j + 15, 20*j = 5*d + 23*j - 236. Let a(r) = 18*r. What is the remainder when d is divided by a(1)?
13
What is the remainder when 24/(-40) + 223/5 is divided by (2 - -38)*(34/10 + -3)?
12
Suppose 29*w - 828 = 506. Calculate the remainder when w is divided by 19.
8
Let x = -346 + 375. Let n = 4 + 8. What is the remainder when x is divided by n?
5
Let h be 18/27*30/4. Suppose 0 = -h*d - 20, -3 = -2*c - 3*d - 1. Suppose -4*a + 87 = 3*t, -2*a - 4*t = -68 + 12. Calculate the remainder when a is divided by c.
4
Let h = 667 - 400. What is the remainder when h is divided by 54?
51
Suppose 0 = -5*g + 10 + 5. Suppose -2*c + g*c = 3. Calculate the remainder when 113 is divided by 31 + -2 + (3 - c).
26
Let a = -48 + 105. Calculate the remainder when 283 is divided by a.
55
Suppose -11 - 49 = -3*l. Let a = l + -16. Suppose -a*z - 2 = -m - z, -3*z - 18 = -3*m. What is the remainder when 23 is divided by m?
7
Suppose -190 = -3*p - 2*p. Suppose 3*n = -2*n + 5. Suppose -n = k + 4*j - 34, 2*j - 75 = -5*k. Calculate the remainder when p is divided by k.
12
Let d = 8 + -5. Suppose d*b + 5 = 2. Let v = b - -4. Calculate the remainder when 5 is divided by v.
2
Let x(d) = -d**2 + 1. Let i(c) = -58*c**2 + 4*c - 9. Let g(h) = -i(h) - 5*x(h). Calculate the remainder when g(1) is divided by 24.
15
Suppose 0 = -5*w - 3*h + 16, -w + h = -0 - 8. Let y(k) = 37*k. What is the remainder when y(1) is divided by (w - (-4 + 7))*10?
17
Suppose z = -11 + 13. Suppose -z*b + 26 + 24 = 0. What is the remainder when b is divided by 15?
10
Let h(m) = 47*m**3 + 2*m**2 - 3*m + 1. Calculate the remainder when h(1) is divided by 13.
8
Suppose -2 = 3*s - 8. Suppose -4*d = -30 + 10. Suppose -i = s*k - 18, d*k - 8*i - 75 = -3*i. What is the remainder when 27 is divided by k?
5
Let y(h) = -h**2 - 5*h - 5. Let q(m) = 3*m + 1. Let a be q(-1). Calculate the remainder when 1*(-3)/6*-2 is divided by y(a).
0
Suppose 0 = 11*h + 10*h - 756. What is the remainder when 62 is divided by h?
26
Suppose 9*t + 450 = 4*t. What is the remainder when (-15)/t + 209/6 is divided by 54/15*(-10)/(-4)?
8
Let u(m) = 19*m**2 + 2*m + 1. Let f = -21 - -26. Suppose -2*w + 2*j + j + 16 = 0, 2*j = -f*w + 2. What is the remainder when u(w) is divided by 21?
18
Let o = 99 - -68. Calculate the remainder when o is divided by 52.
11
Let h(t) = -86*t + 111. Calculate the remainder when h(-5) is divided by 68.
65
Suppose -634 - 367 = -11*i. Suppose 7*h - 5*x - i = 3*h, -2*h = 3*x - 51. What is the remainder when 119 is divided by h?
23
Suppose 0 = -8*i + 9*i - 8. What is the remainder when 166 is divided by i?
6
Let c = 201 + -197. Calculate the remainder when 6 is divided by c.
2
Let f(d) = -4*d + 19. Let u be f(-4). Let n = 66 + u. Calculate the remainder when n is divided by 13.
10
Let o = 22 + -48. Let f = 23 - o. Suppose 4*t = 3*p + 109, t - 137 = -4*t + 4*p. What is the remainder when f is divided by t?
24
Calculate the remainder when 19410/240 + 2/16 is divided by 24.
9
Let k = -199 + 329. What is the remainder when k is divided by 19?
16
Suppose 0 = 5*p + 3*p - 40. What is the remainder when 158 is divided by p?
3
Let t(w) = 12*w**2 + w + 1. Let x = 7391 + -7368. Calculate the remainder when x is divided by t(-1).
11
Let n(m) = -m**3 - m**2 + m - 1. Let v be n(-4). Let s = 82 - v. Calculate the remainder when s is divided by 10.
9
Suppose -2*v + 12 = -12. Let p = v + 15. Wh